{"id":395,"date":"2017-04-29T10:57:34","date_gmt":"2017-04-29T07:57:34","guid":{"rendered":"http:\/\/caddebranda.com\/?page_id=395"},"modified":"2025-06-30T10:52:06","modified_gmt":"2025-06-30T07:52:06","slug":"rayli-tente","status":"publish","type":"page","link":"http:\/\/caddebranda.com\/?page_id=395","title":{"rendered":"RAYLI TENTE"},"content":{"rendered":"<p><img loading=\"lazy\" decoding=\"async\" class=\"alignnone size-medium wp-image-814\" src=\"http:\/\/caddebranda.com\/wp-content\/uploads\/2019\/04\/pergole-tente2-500x312.png\" alt=\"\" width=\"500\" height=\"312\" srcset=\"http:\/\/caddebranda.com\/wp-content\/uploads\/2019\/04\/pergole-tente2-500x312.png 500w, http:\/\/caddebranda.com\/wp-content\/uploads\/2019\/04\/pergole-tente2-768x480.png 768w, http:\/\/caddebranda.com\/wp-content\/uploads\/2019\/04\/pergole-tente2.png 850w\" sizes=\"auto, (max-width: 500px) 100vw, 500px\" \/><img loading=\"lazy\" decoding=\"async\" class=\"alignnone size-medium wp-image-812\" src=\"http:\/\/caddebranda.com\/wp-content\/uploads\/2019\/04\/maltepe_pergole_tente-500x375.jpg\" alt=\"\" width=\"500\" height=\"375\" srcset=\"http:\/\/caddebranda.com\/wp-content\/uploads\/2019\/04\/maltepe_pergole_tente-500x375.jpg 500w, http:\/\/caddebranda.com\/wp-content\/uploads\/2019\/04\/maltepe_pergole_tente-240x180.jpg 240w, http:\/\/caddebranda.com\/wp-content\/uploads\/2019\/04\/maltepe_pergole_tente.jpg 700w\" sizes=\"auto, (max-width: 500px) 100vw, 500px\" \/>Motor yard\u0131m\u0131yla tentenin a\u00e7\u0131l\u0131p kapanmas\u0131n\u0131 sa\u011flayan sistemin ad\u0131d\u0131r. \u00c7ok farkl\u0131 motor markalar\u0131 olmas\u0131na ra\u011fmen, Piyasadaki en iyi motorlar\u0131 kullanmaktay\u0131z..<\/p>\n<p>Otomatik tente, sahip oldu\u011fu motorun sens\u00f6rler ya da kumandalar arac\u0131l\u0131\u011f\u0131yla toplanmas\u0131 veya a\u00e7\u0131lmas\u0131na yarayan sistemin b\u00fct\u00fcn\u00fcd\u00fcr. Otomatik tente sistemleri sabit tenteler haricinde t\u00fcm tente modellerinde kullan\u0131labilmektedir.<\/p>\n<p>Otomatik tenteler motor yard\u0131m\u0131yla tente kuma\u015f\u0131n\u0131 ya bir ruloya sarar, ya da profiller arac\u0131l\u0131\u011f\u0131yla gerilmi\u015f kuma\u015f\u0131 kullan\u0131m alan\u0131n\u0131n sonuna ya da ba\u015f\u0131na toplarlar. B\u00f6ylelikle istenilen b\u00f6lge tamamen kapan\u0131r ya da a\u00e7\u0131l\u0131r.<\/p>\n<p>&nbsp;<\/p>\n","protected":false},"excerpt":{"rendered":"<p>Motor yard\u0131m\u0131yla tentenin a\u00e7\u0131l\u0131p kapanmas\u0131n\u0131 sa\u011flayan sistemin ad\u0131d\u0131r. \u00c7ok farkl\u0131 motor markalar\u0131 olmas\u0131na ra\u011fmen, Piyasadaki en iyi motorlar\u0131 kullanmaktay\u0131z.. Otomatik &#187;<\/p>\n","protected":false},"author":2,"featured_media":0,"parent":389,"menu_order":0,"comment_status":"closed","ping_status":"closed","template":"","meta":{"footnotes":""},"class_list":["post-395","page","type-page","status-publish","hentry"],"_links":{"self":[{"href":"http:\/\/caddebranda.com\/index.php?rest_route=\/wp\/v2\/pages\/395","targetHints":{"allow":["GET"]}}],"collection":[{"href":"http:\/\/caddebranda.com\/index.php?rest_route=\/wp\/v2\/pages"}],"about":[{"href":"http:\/\/caddebranda.com\/index.php?rest_route=\/wp\/v2\/types\/page"}],"author":[{"embeddable":true,"href":"http:\/\/caddebranda.com\/index.php?rest_route=\/wp\/v2\/users\/2"}],"replies":[{"embeddable":true,"href":"http:\/\/caddebranda.com\/index.php?rest_route=%2Fwp%2Fv2%2Fcomments&post=395"}],"version-history":[{"count":5,"href":"http:\/\/caddebranda.com\/index.php?rest_route=\/wp\/v2\/pages\/395\/revisions"}],"predecessor-version":[{"id":815,"href":"http:\/\/caddebranda.com\/index.php?rest_route=\/wp\/v2\/pages\/395\/revisions\/815"}],"up":[{"embeddable":true,"href":"http:\/\/caddebranda.com\/index.php?rest_route=\/wp\/v2\/pages\/389"}],"wp:attachment":[{"href":"http:\/\/caddebranda.com\/index.php?rest_route=%2Fwp%2Fv2%2Fmedia&parent=395"}],"curies":[{"name":"wp","href":"https:\/\/api.w.org\/{rel}","templated":true}]}}